ivisor of 52432 and 3248.
464
Calculate the highest common divisor of 49 and 903854.
49
What is the highest common divisor of 160 and 12040?
40
What is the highest common factor of 2613 and 6045?
39
What is the greatest common factor of 56304 and 15096?
408
Calculate the greatest common divisor of 40 and 43490.
10
What is the highest common divisor of 337640 and 4370?
230
Calculate the highest common divisor of 1360 and 234770.
170
What is the highest common divisor of 5200 and 1027?
13
What is the highest common divisor of 74 and 205498?
74
What is the greatest common factor of 126 and 197136?
18
Calculate the greatest common factor of 1368462 and 24.
6
Calculate the greatest common factor of 1073219 and 973.
973
What is the highest common divisor of 836133 and 285?
57
What is the greatest common divisor of 85575 and 5700?
75
Calculate the highest common divisor of 155 and 22909.
31
What is the highest common factor of 24888 and 272?
136
Calculate the highest common divisor of 805301 and 29.
29
Calculate the highest common factor of 782 and 69138.
46
Calculate the highest common divisor of 345 and 35535.
345
What is the greatest common factor of 17017 and 3432?
143
What is the greatest common factor of 913 and 7221?
83
What is the highest common factor of 50623 and 89125?
713
Calculate the highest common factor of 14847 and 16059.
303
Calculate the greatest common divisor of 3726 and 149638.
46
What is the greatest common divisor of 685 and 1165185?
685
What is the highest common divisor of 11712 and 15432?
24
What is the highest common divisor of 12864 and 39504?
48
What is the greatest common factor of 592866 and 459?
27
What is the highest common factor of 2032 and 250444?
508
Calculate the greatest common divisor of 28934 and 11523.
23
Calculate the greatest common divisor of 12 and 79698.
6
Calculate the greatest common factor of 62 and 899.
31
Calculate the highest common factor of 2496 and 1443.
39
Calculate the highest common divisor of 28 and 1351.
7
Calculate the greatest common factor of 78 and 16887.
39
Calculate the highest common divisor of 68064 and 384.
96
What is the greatest common factor of 689 and 522686?
53
What is the highest common divisor of 310 and 42377?
31
What is the greatest common factor of 459 and 4947?
51
Calculate the highest common divisor of 29361 and 12.
3
What is the highest common divisor of 2008 and 11048?
8
Calculate the greatest common divisor of 2898 and 690207.
483
What is the highest common divisor of 78036 and 5292?
84
What is the greatest common factor of 36828 and 77?
11
What is the highest common factor of 8366 and 27946?
178
What is the greatest common factor of 1001 and 30121?
91
Calculate the greatest common factor of 488655 and 36.
9
Calculate the highest common factor of 5954004 and 168.
84
Calculate the greatest common divisor of 42944 and 36608.
704
What is the greatest common divisor of 994 and 31178?
14
What is the highest common factor of 627 and 133969?
209
Calculate the highest common divisor of 4688 and 82919.
293
Calculate the highest common divisor of 2170 and 1637110.
310
What is the highest common factor of 221687 and 205?
41
Calculate the highest common divisor of 20545923 and 219.
219
Calculate the highest common factor of 22035 and 390.
195
What is the greatest common divisor of 100 and 1760?
20
Calculate the highest common factor of 11508 and 41374.
274
What is the highest common divisor of 303251 and 39?
13
Calculate the highest common divisor of 144 and 16668.
36
Calculate the greatest common divisor of 36 and 57060.
36
What is the greatest common factor of 3104778 and 17?
17
Calculate the greatest common factor of 12 and 300868.
4
What is the highest common factor of 843 and 2377541?
281
Calculate the highest common factor of 1693440 and 144.
144
What is the highest common factor of 2272 and 24069?
71
Calculate the highest common factor of 151 and 151302.
151
Calculate the highest common divisor of 123 and 204221.
41
What is the greatest common divisor of 10491 and 7254?
39
Calculate the highest common factor of 39 and 783939.
39
What is the highest common divisor of 29906 and 24396?
38
What is the highest common divisor of 185673 and 177?
177
Calculate the greatest common divisor of 16 and 618904.
8
What is the greatest common factor of 128006 and 58?
58
What is the highest common factor of 287856 and 2736?
144
What is the greatest common divisor of 2289 and 525?
21
Calculate the highest common factor of 50 and 67202.
2
What is the highest common factor of 1025 and 6225?
25
What is the greatest common divisor of 1374475 and 25?
25
What is the highest common divisor of 9798 and 4416?
138
Calculate the highest common divisor of 3888 and 2448.
144
What is the highest common divisor of 22 and 450054?
22
What is the greatest common factor of 297 and 11143?
11
What is the highest common factor of 84946 and 8?
2
Calculate the highest common factor of 214 and 10616.
2
Calculate the greatest common factor of 72 and 212448.
24
What is the greatest common divisor of 617295 and 315?
105
What is the highest common divisor of 54666 and 72?
18
What is the greatest common divisor of 58250 and 125?
125
What is the highest common divisor of 320437 and 13?
13
Calculate the greatest common divisor of 1832859 and 1269.
423
What is the greatest common divisor of 806 and 56849?
13
Calculate the highest common divisor of 14686 and 686.
14
Calculate the highest common factor of 228 and 432820.
76
Calculate the greatest common factor of 14001 and 2652.
39
What is the greatest common divisor of 943 and 759?
23
What is the highest common divisor of 7532 and 56?
28
What is the highest common divisor of 687807 and 45?
9
What is the highest common factor of 596 and 648?
4
Calculate the greatest common divisor of 175 and 465.
5
Calculate the greatest common factor of 9577 and 942.
157
Calculate the greatest common divisor of 7775 and 622.
311
Calculate the highest common factor of 6003937 and 67.
67
What is the highest common divisor of 20 and 764780?
20
Calculate the highest common factor of 5874 and 2046.
66
What is the greatest common divisor of 216054 and 108?
54
What is the greatest common factor of 64 and 52128?
32
Calculate the highest common divisor of 21 and 34383.
3
What is the greatest common divisor of 170 and 458830?
170
What is the highest common factor of 42 and 42357?
21
Calculate the highest common divisor of 183 and 597.
3
Calculate the highest common divisor of 853434 and 306.
306
What is the greatest common divisor of 6 and 1498230?
6
Calculate the greatest common factor of 12338 and 372926.
398
Calculate the greatest common factor of 63 and 543627.
63
Calculate the highest common divisor of 6332400 and 800.
400
What is the highest common factor of 104 and 25727?
13
Calculate the greatest common divisor of 3300 and 12300.
300
Calculate the highest common divisor of 74502 and 54.
18
Calculate the greatest common factor of 98 and 243278.
14
Calculate the greatest common divisor of 152647 and 11.
11
Calculate the highest common factor of 18 and 17181.
9
What is the greatest common factor of 1705 and 1595?
55
Calculate the highest common factor of 250 and 282500.
250
Calculate the highest common factor of 91 and 1624077.
91
Calculate the greatest common divisor of 583 and 9964.
53
What is the highest common factor of 202910 and 515?
515
What is the greatest common factor of 7 and 12611?
1
What is the greatest common divisor of 680784 and 3744?
624
What is the highest common factor of 71703 and 2232?
279
What is the greatest common divisor of 53953 and 2317?
331
What is the highest common factor of 6745 and 2755?
95
Calculate the greatest common divisor of 216 and 171882.
54
What is the highest common divisor of 400 and 1664?
16
Calculate the highest common divisor of 135 and 5610.
15
Calculate the greatest common divisor of 487 and 32010023.
487
Calculate the highest common factor of 407909 and 738.
41
What is the greatest common factor of 151264 and 48?
16
What is the highest common divisor of 712 and 12824?
8
What is the highest common factor of 22909 and 62?
31
Calculate the greatest common divisor of 1726455 and 1286.
643
What is the highest common divisor of 86 and 262343?
43
